e?
True
Is 5389 a composite number?
True
Is 87679 composite?
False
Is 805979 a composite number?
True
Is 175811 prime?
True
Is 256537 prime?
False
Is 129377 a composite number?
True
Is 6421 composite?
False
Is 110879 composite?
False
Is 49849 prime?
False
Is 14221 composite?
False
Is 14285 a composite number?
True
Is 124793 a prime number?
True
Is 1243 a prime number?
False
Is 26183 a prime number?
True
Is 73951 a composite number?
False
Is 89867 a prime number?
True
Is 208877 prime?
True
Is 86861 a prime number?
True
Is 410183 prime?
False
Is 70093 a prime number?
False
Is 335323 a composite number?
False
Is 641 a prime number?
True
Is 559 composite?
True
Is 15727 composite?
False
Is 1851 prime?
False
Is 221021 a prime number?
True
Is 55201 a composite number?
False
Is 23849 composite?
True
Is 2408837 a composite number?
False
Is 60779 prime?
True
Is 39659 prime?
True
Is 1465 composite?
True
Is 292909 prime?
True
Is 78703 a prime number?
False
Is 51767 prime?
True
Is 4493 a composite number?
False
Is 388231 a prime number?
True
Is 941 prime?
True
Is 26913 a prime number?
False
Is 25987 a composite number?
True
Is 1117003 a composite number?
True
Is 14971 prime?
False
Is 77629 prime?
False
Is 2117657 prime?
False
Is 856277 a composite number?
False
Is 19801 a composite number?
False
Is 24499 a composite number?
False
Is 14743 composite?
True
Is 11785 a prime number?
False
Is 27611 a composite number?
False
Is 13739 prime?
False
Is 27947 composite?
False
Is 303187 composite?
False
Is 316409 a composite number?
True
Is 485363 a prime number?
True
Is 5981 a composite number?
False
Is 16391 composite?
True
Is 577867 prime?
True
Is 60854 a prime number?
False
Is 87853 a composite number?
False
Is 3065 a composite number?
True
Is 4415 a composite number?
True
Is 59351 prime?
True
Is 122431 a prime number?
False
Is 14479 prime?
True
Is 249 prime?
False
Is 219 composite?
True
Is 557 prime?
True
Is 114854 a composite number?
True
Is 10033 a composite number?
True
Is 412001 a composite number?
False
Is 629 composite?
True
Is 69569 a composite number?
True
Is 269797 a composite number?
True
Is 20593 a prime number?
True
Is 9311 a composite number?
False
Is 3601 prime?
False
Is 587413 composite?
False
Is 36341 prime?
True
Is 45566 a composite number?
True
Is 1987373 prime?
True
Is 13307 a composite number?
True
Is 11863 a prime number?
True
Is 8057 a composite number?
True
Is 365203 a prime number?
False
Is 538457 a prime number?
True
Is 182591 a prime number?
False
Is 45161 a composite number?
False
Is 43003 a composite number?
False
Is 10007 a composite number?
False
Is 33431 composite?
True
Is 8465 a composite number?
True
Is 77191 prime?
True
Is 78977 composite?
False
Is 6217 prime?
True
Is 2264969 a composite number?
True
Is 1916909 a composite number?
False
Is 104827 prime?
True
Is 56081 a prime number?
True
Is 3359 a prime number?
True
Is 25682 a composite number?
True
Is 28073 a prime number?
False
Is 444167 a composite number?
False
Is 7217 prime?
False
Is 407 prime?
False
Is 12683 composite?
True
Is 286651 a composite number?
False
Is 18851 prime?
False
Is 77089 a composite number?
True
Is 27718 prime?
False
Is 7079 composite?
False
Is 5381 prime?
True
Is 252449 prime?
True
Is 4673 prime?
True
Is 212057 composite?
False
Is 37787 prime?
False
Is 43753 composite?
False
Is 619471 a prime number?
True
Is 245071 composite?
False
Is 136627 composite?
True
Is 7411 a prime number?
True
Is 362991 a composite number?
True
Is 47897 a composite number?
True
Is 3369 a prime number?
False
Is 8921 a prime number?
False
Is 1389233 prime?
True
Is 42767 a composite number?
False
Is 4031 a composite number?
True
Is 27127 prime?
True
Is 31481 a prime number?
True
Is 45281 composite?
False
Is 2927 a composite number?
False
Is 8713 a composite number?
False
Is 471749 prime?
True
Is 3309 composite?
True
Is 84211 composite?
False
Is 211 composite?
False
Is 30757 composite?
False
Is 42547 a composite number?
True
Is 39271 composite?
True
Is 35311 composite?
False
Is 293767 a prime number?
True
Is 2927 prime?
True
Is 6371 a composite number?
True
Is 115798 a prime number?
False
Is 1541 a composite number?
True
Is 111187 prime?
True
Is 2749555 composite?
True
Is 7769 composite?
True
Is 1239757 a composite number?
True
Is 616139 a composite number?
False
Is 699149 a prime number?
False
Is 302381 composite?
True
Is 655969 prime?
False
Is 104911 a composite number?
False
Is 260101 a composite number?
True
Is 46897 composite?
True
Is 99163 prime?
False
Is 9511 composite?
False
Is 8093 prime?
True
Is 14506 composite?
True
Is 136309 a composite number?
False
Is 45943 prime?
True
Is 405329 composite?
True
Is 1087 a composite number?
False
Is 2927 composite?
False
Is 847681 prime?
True
Is 169045 a composite number?
True
Is 608269 a prime number?
True
Is 20074 composite?
True
Is 559807 prime?
True
Is 2934223 a prime number?
True
Is 35491 a prime number?
True
Is 11369 composite?
False
Is 290117 a prime number?
False
Is 36301 prime?
False
Is 16667 prime?
False
Is 24901 composite?
True
Is 7223 a prime number?
False
Is 4861 composite?
False
Is 2491 prime?
False
Is 24406 composite?
True
Is 22663 a prime number?
False
Is 2537351 a composite number?
True
Is 116639 composite?
False
Is 18431 composite?
True
Is 18397 a composite number?
False
Is 9391 a prime number?
True
Is 1193 composite?
False
Is 449507 prime?
False
Is 9237 a prime number?
False
Is 9263 prime?
False
Is 16921 a composite number?
False
Is 232697 a prime number?
False
Is 17695 a prime number?
False
Is 1693 prime?
True
Is 117926 a prime number?
False
Is 526367 a composite number?
False
Is 6349 prime?
False
Is 4883 composite?
True
Is 320167 prime?
False
Is 17077 a composite number?
False
Is 19661 composite?
False
Is 37739 a prime number?
False
Is 1151 a composite number?
False
Is 625273 a composite number?
True
Is 1312513 a composite number?
False
Is 8051 composite?
True
Is 60506 prime?
False
Is 38441 a prime number?
False
Is 29917 composite?
False
Is 89261 prime?
True
Is 164321 a prime number?
True
Is 22019 prime?
False
Is 31279 a prime number?
False
Is 3096047 a composite number?
False
Is 25054 a composite number?
True
Is 24305 a prime number?
False
Is 2419 composite?
True
Is 53519 composite?
True
Is 1003 a prime number?
False
Is 430594 a composite number?
True
Is 41434 composite?
True
Is 188995 a composite number?
True
Is 4853 composite?
True
Is 42447 a prime number?
False
Is 243809 a prime number?
True
Is 15019 a composite number?
True
Is 136691 a prime number?
True
Is 26669 composite?
False
Is 52981 prime?
True
Is 60539 a prime number?
True
Is 7118 a composite number?
True
Is 822355 prime?
False
Is 397 prime?
True
Is 1009 prime?
True
Is 12781 a composite number?
False
Is 803647 a prime number?
False
Is 2023087 prime?
False
Is 1399 a prime number?
True
Is 28979 composite?
False
Is 285259 a prime number?
False
Is 172793 composite?
True
Is 541 prime?
True
Is 9689 prime?
True
Is 18181 a prime number?
True
Is 275521 composite?
False
Is 504103 a composite number?
False
Is 111391 a prime number?
False
Is 14107 composite?
False
Is 76523 composite?
True
Is 33329 prime?
True
Is 92779 a composite number?
False
Is 3493 prime?
False
Is 262001 a prime number?
False
Is 3967555 prime?
False
Is 109931 prime?
False
Is 37253 prime?
True
Is 673021 composite?
True
Is 5888335 composite?
True
Is 5703 a prime number?
False
Is 131149 a prime number?
True
Is 79 prime?
True
Is 848977 prime?
False
Is 10313 a composite number?
False
Is 797369 a prime number?
False
Is 12515 composite?
True
Is 6467 composite?
True
Is 161151 a composite number?
True
Is 206301 a composite number?
True
Is 23143 composite?
False
Is 12451 composite?
False
Is 1399111 prime?
False
Is 10291 a prime number?
False
Is 180733 a composite number?
True
Is 66319 composite?
True
Is 60127 composite?
False
Is 12205 a composite number?
True
Is 111647 prime?
False
Is 228673 a prime number?
False
Is 34703 composite?
False
Is 369181 composite?
False
Is 14107 composite?
False
Is 42239 prime?
True
Is 1439 composite?
False
Is 23597 composite?
True
Is 4739 prime?
False
Is 44606 prime?
False
Is 4061329 prime?
True
Is 749 prime?
False
Is 19121 a prime number?
True
Is 1442737 a composite numb